[INFO] fetching crate async-smtp-lite 0.1.2...
[INFO] checking async-smtp-lite-0.1.2 against try#72f88fc4e9458f89516a0b8b0868f3718aec5b47 for pr-74989
[INFO] extracting crate async-smtp-lite 0.1.2 into /workspace/builds/worker-5/source
[INFO] validating manifest of crates.io crate async-smtp-lite 0.1.2 on toolchain 72f88fc4e9458f89516a0b8b0868f3718aec5b47
[INFO] running `Command { std: "/workspace/cargo-home/bin/cargo" "+72f88fc4e9458f89516a0b8b0868f3718aec5b47" "read-manifest" "--manifest-path" "Cargo.toml", kill_on_drop: false }`
[INFO] started tweaking crates.io crate async-smtp-lite 0.1.2
[INFO] finished tweaking crates.io crate async-smtp-lite 0.1.2
[INFO] tweaked toml for crates.io crate async-smtp-lite 0.1.2 written to /workspace/builds/worker-5/source/Cargo.toml
[INFO] running `Command { std: "/workspace/cargo-home/bin/cargo" "+72f88fc4e9458f89516a0b8b0868f3718aec5b47" "generate-lockfile" "--manifest-path" "Cargo.toml" "-Zno-index-update", kill_on_drop: false }`
[INFO] running `Command { std: "/workspace/cargo-home/bin/cargo" "+72f88fc4e9458f89516a0b8b0868f3718aec5b47" "fetch" "--locked" "--manifest-path" "Cargo.toml", kill_on_drop: false }`
[INFO] [stderr]  Downloading crates ...
[INFO] [stderr]   Downloaded hyperx v1.1.0
[INFO] [stderr]   Downloaded quoted_printable v0.4.2
[INFO] [stderr]   Downloaded async-stream-tls-upgrader v0.1.10
[INFO] [stderr]   Downloaded lettre v0.10.0-alpha.2
[INFO] running `Command { std: "docker" "create" "-v" "/var/lib/crater-agent-workspace/builds/worker-5/target:/opt/rustwide/target:rw,Z" "-v" "/var/lib/crater-agent-workspace/builds/worker-5/source:/opt/rustwide/workdir:ro,Z" "-v" "/var/lib/crater-agent-workspace/cargo-home:/opt/rustwide/cargo-home:ro,Z" "-v" "/var/lib/crater-agent-workspace/rustup-home:/opt/rustwide/rustup-home:ro,Z" "-e" "SOURCE_DIR=/opt/rustwide/workdir" "-e" "CARGO_TARGET_DIR=/opt/rustwide/target" "-e" "CARGO_HOME=/opt/rustwide/cargo-home" "-e" "RUSTUP_HOME=/opt/rustwide/rustup-home" "-w" "/opt/rustwide/workdir" "-m" "1610612736" "--user" "0:0" "--network" "none" "rustops/crates-build-env@sha256:d92eaeed33fa75130ca1ee6c8a01d1ffb62bac859dfdfb3450e3e5d1c0146529" "/opt/rustwide/cargo-home/bin/cargo" "+72f88fc4e9458f89516a0b8b0868f3718aec5b47" "metadata" "--no-deps" "--format-version=1", kill_on_drop: false }`
[INFO] [stdout] dfb4130f8618f12f6e6d483884afc0ec260951d4e4336c2062fc8cb9cf8c0bf3
[INFO] [stderr] WARNING: Your kernel does not support swap limit capabilities or the cgroup is not mounted. Memory limited without swap.
[INFO] running `Command { std: "docker" "start" "-a" "dfb4130f8618f12f6e6d483884afc0ec260951d4e4336c2062fc8cb9cf8c0bf3", kill_on_drop: false }`
[INFO] running `Command { std: "docker" "inspect" "dfb4130f8618f12f6e6d483884afc0ec260951d4e4336c2062fc8cb9cf8c0bf3", kill_on_drop: false }`
[INFO] running `Command { std: "docker" "rm" "-f" "dfb4130f8618f12f6e6d483884afc0ec260951d4e4336c2062fc8cb9cf8c0bf3", kill_on_drop: false }`
[INFO] [stdout] dfb4130f8618f12f6e6d483884afc0ec260951d4e4336c2062fc8cb9cf8c0bf3
[INFO] running `Command { std: "docker" "create" "-v" "/var/lib/crater-agent-workspace/builds/worker-5/target:/opt/rustwide/target:rw,Z" "-v" "/var/lib/crater-agent-workspace/builds/worker-5/source:/opt/rustwide/workdir:ro,Z" "-v" "/var/lib/crater-agent-workspace/cargo-home:/opt/rustwide/cargo-home:ro,Z" "-v" "/var/lib/crater-agent-workspace/rustup-home:/opt/rustwide/rustup-home:ro,Z" "-e" "SOURCE_DIR=/opt/rustwide/workdir" "-e" "CARGO_TARGET_DIR=/opt/rustwide/target" "-e" "CARGO_INCREMENTAL=0" "-e" "RUST_BACKTRACE=full" "-e" "RUSTFLAGS=--cap-lints=forbid" "-e" "CARGO_HOME=/opt/rustwide/cargo-home" "-e" "RUSTUP_HOME=/opt/rustwide/rustup-home" "-w" "/opt/rustwide/workdir" "-m" "1610612736" "--user" "0:0" "--network" "none" "rustops/crates-build-env@sha256:d92eaeed33fa75130ca1ee6c8a01d1ffb62bac859dfdfb3450e3e5d1c0146529" "/opt/rustwide/cargo-home/bin/cargo" "+72f88fc4e9458f89516a0b8b0868f3718aec5b47" "check" "--frozen" "--all" "--all-targets" "--message-format=json", kill_on_drop: false }`
[INFO] [stdout] 101714a23051c786a2550444d55e07e25b39ee4c0e7aed0d7cad3d2fa08c0045
[INFO] [stderr] WARNING: Your kernel does not support swap limit capabilities or the cgroup is not mounted. Memory limited without swap.
[INFO] running `Command { std: "docker" "start" "-a" "101714a23051c786a2550444d55e07e25b39ee4c0e7aed0d7cad3d2fa08c0045", kill_on_drop: false }`
[INFO] [stderr]     Checking cfg-if v0.1.10
[INFO] [stderr]    Compiling proc-macro2 v1.0.21
[INFO] [stderr]    Compiling libc v0.2.77
[INFO] [stderr]    Compiling unicode-xid v0.2.1
[INFO] [stderr]    Compiling version_check v0.9.2
[INFO] [stderr]    Compiling getrandom v0.1.15
[INFO] [stderr]    Compiling ryu v1.0.5
[INFO] [stderr]    Compiling bitflags v1.2.1
[INFO] [stderr]    Compiling pin-project-internal v0.4.23
[INFO] [stderr]     Checking ppv-lite86 v0.2.9
[INFO] [stderr]    Compiling log v0.4.11
[INFO] [stderr]    Compiling httparse v1.3.4
[INFO] [stderr]     Checking itoa v0.4.6
[INFO] [stderr]     Checking bytes v0.5.6
[INFO] [stderr]     Checking tinyvec v0.3.4
[INFO] [stderr]     Checking fnv v1.0.7
[INFO] [stderr]     Checking futures-io v0.3.5
[INFO] [stderr]     Checking lazy_static v1.4.0
[INFO] [stderr]    Compiling hyperx v1.1.0
[INFO] [stderr]     Checking matches v0.1.8
[INFO] [stderr]     Checking language-tags v0.2.2
[INFO] [stderr]     Checking base64 v0.12.3
[INFO] [stderr]     Checking mime v0.3.16
[INFO] [stderr]     Checking percent-encoding v2.1.0
[INFO] [stderr]     Checking quoted_printable v0.4.2
[INFO] [stderr]     Checking pin-utils v0.1.0
[INFO] [stderr]     Checking slab v0.4.2
[INFO] [stderr]     Checking futures-task v0.3.5
[INFO] [stderr]     Checking thread_local v1.0.1
[INFO] [stderr]     Checking unicode-bidi v0.3.4
[INFO] [stderr]     Checking unicode-normalization v0.1.13
[INFO] [stderr]     Checking regex v1.3.9
[INFO] [stderr]    Compiling unicase v2.6.0
[INFO] [stderr]    Compiling nom v5.1.2
[INFO] [stderr]     Checking http v0.2.1
[INFO] [stderr]     Checking lexical-core v0.7.4
[INFO] [stderr]     Checking time v0.1.44
[INFO] [stderr]    Compiling quote v1.0.7
[INFO] [stderr]     Checking rand_core v0.5.1
[INFO] [stderr]     Checking idna v0.2.0
[INFO] [stderr]    Compiling syn v1.0.40
[INFO] [stderr]     Checking rand_chacha v0.2.2
[INFO] [stderr]     Checking rand v0.7.3
[INFO] [stderr]     Checking uuid v0.8.1
[INFO] [stderr]     Checking lettre v0.10.0-alpha.2
[INFO] [stderr]    Compiling async-trait v0.1.40
[INFO] [stderr]     Checking async-stream-packed v0.1.16
[INFO] [stderr]     Checking async-stream-tls-upgrader v0.1.10
[INFO] [stderr]     Checking pin-project v0.4.23
[INFO] [stderr]     Checking futures-util v0.3.5
[INFO] [stderr]     Checking async-smtp-lite v0.1.2 (/opt/rustwide/workdir)
[INFO] [stdout] error[E0603]: module `error` is private
[INFO] [stdout]    --> src/client.rs:7:5
[INFO] [stdout]     |
[INFO] [stdout] 7   |     error::Error,
[INFO] [stdout]     |     ^^^^^ private module
[INFO] [stdout]     |
[INFO] [stdout] note: the module `error` is defined here
[INFO] [stdout]    --> /opt/rustwide/cargo-home/registry/src/github.com-1ecc6299db9ec823/lettre-0.10.0-alpha.2/src/transport/smtp/mod.rs:182:1
[INFO] [stdout]     |
[INFO] [stdout] 182 | mod error;
[INFO] [stdout]     | ^^^^^^^^^^
[INFO] [stdout] 
[INFO] [stdout] 
[INFO] [stdout] error[E0603]: module `error` is private
[INFO] [stdout]    --> src/connection.rs:11:5
[INFO] [stdout]     |
[INFO] [stdout] 11  |     error::Error,
[INFO] [stdout]     |     ^^^^^ private module
[INFO] [stdout]     |
[INFO] [stdout] note: the module `error` is defined here
[INFO] [stdout]    --> /opt/rustwide/cargo-home/registry/src/github.com-1ecc6299db9ec823/lettre-0.10.0-alpha.2/src/transport/smtp/mod.rs:182:1
[INFO] [stdout]     |
[INFO] [stdout] 182 | mod error;
[INFO] [stdout]     | ^^^^^^^^^^
[INFO] [stdout] 
[INFO] [stdout] 
[INFO] [stdout] error[E0603]: module `error` is private
[INFO] [stdout]    --> src/session.rs:6:30
[INFO] [stdout]     |
[INFO] [stdout] 6   | use lettre::transport::smtp::error::Error;
[INFO] [stdout]     |                              ^^^^^ private module
[INFO] [stdout]     |
[INFO] [stdout] note: the module `error` is defined here
[INFO] [stdout]    --> /opt/rustwide/cargo-home/registry/src/github.com-1ecc6299db9ec823/lettre-0.10.0-alpha.2/src/transport/smtp/mod.rs:182:1
[INFO] [stdout]     |
[INFO] [stdout] 182 | mod error;
[INFO] [stdout]     | ^^^^^^^^^^
[INFO] [stdout] 
[INFO] [stdout] 
[INFO] [stdout] error[E0603]: module `error` is private
[INFO] [stdout]    --> src/client.rs:7:5
[INFO] [stdout]     |
[INFO] [stdout] 7   |     error::Error,
[INFO] [stdout]     |     ^^^^^ private module
[INFO] [stdout]     |
[INFO] [stdout] note: the module `error` is defined here
[INFO] [stdout]    --> /opt/rustwide/cargo-home/registry/src/github.com-1ecc6299db9ec823/lettre-0.10.0-alpha.2/src/transport/smtp/mod.rs:182:1
[INFO] [stdout]     |
[INFO] [stdout] 182 | mod error;
[INFO] [stdout]     | ^^^^^^^^^^
[INFO] [stdout] 
[INFO] [stdout] 
[INFO] [stdout] error[E0603]: module `error` is private
[INFO] [stdout]    --> src/connection.rs:11:5
[INFO] [stdout]     |
[INFO] [stdout] 11  |     error::Error,
[INFO] [stdout]     |     ^^^^^ private module
[INFO] [stdout]     |
[INFO] [stdout] note: the module `error` is defined here
[INFO] [stdout]    --> /opt/rustwide/cargo-home/registry/src/github.com-1ecc6299db9ec823/lettre-0.10.0-alpha.2/src/transport/smtp/mod.rs:182:1
[INFO] [stdout]     |
[INFO] [stdout] 182 | mod error;
[INFO] [stdout]     | ^^^^^^^^^^
[INFO] [stdout] 
[INFO] [stdout] 
[INFO] [stdout] error[E0603]: module `error` is private
[INFO] [stdout]    --> src/session.rs:6:30
[INFO] [stdout]     |
[INFO] [stdout] 6   | use lettre::transport::smtp::error::Error;
[INFO] [stdout]     |                              ^^^^^ private module
[INFO] [stdout]     |
[INFO] [stdout] note: the module `error` is defined here
[INFO] [stdout]    --> /opt/rustwide/cargo-home/registry/src/github.com-1ecc6299db9ec823/lettre-0.10.0-alpha.2/src/transport/smtp/mod.rs:182:1
[INFO] [stdout]     |
[INFO] [stdout] 182 | mod error;
[INFO] [stdout]     | ^^^^^^^^^^
[INFO] [stdout] 
[INFO] [stdout] 
[INFO] [stdout] error[E0277]: the trait bound `S: AsyncRead` is not satisfied
[INFO] [stdout]   --> src/connection.rs:58:9
[INFO] [stdout]    |
[INFO] [stdout] 27 | pub struct AsyncConnection<S, STU>
[INFO] [stdout]    |            --------------- required by a bound in this
[INFO] [stdout] 28 | where
[INFO] [stdout] 29 |     STU: TlsClientUpgrader<S>,
[INFO] [stdout]    |          -------------------- required by this bound in `AsyncConnection`
[INFO] [stdout] ...
[INFO] [stdout] 58 | impl<S> AsyncConnection<S, ()>
[INFO] [stdout]    |         ^^^^^^^^^^^^^^^^^^^^^^ the trait `AsyncRead` is not implemented for `S`
[INFO] [stdout]    |
[INFO] [stdout]    = note: required because of the requirements on the impl of `TlsClientUpgrader<S>` for `()`
[INFO] [stdout] help: consider further restricting this bound
[INFO] [stdout]    |
[INFO] [stdout] 60 |     S: Send + 'static + AsyncRead,
[INFO] [stdout]    |                       ^^^^^^^^^^^
[INFO] [stdout] 
[INFO] [stdout] 
[INFO] [stdout] error[E0277]: the trait bound `S: AsyncWrite` is not satisfied
[INFO] [stdout]   --> src/connection.rs:58:9
[INFO] [stdout]    |
[INFO] [stdout] 27 | pub struct AsyncConnection<S, STU>
[INFO] [stdout]    |            --------------- required by a bound in this
[INFO] [stdout] 28 | where
[INFO] [stdout] 29 |     STU: TlsClientUpgrader<S>,
[INFO] [stdout]    |          -------------------- required by this bound in `AsyncConnection`
[INFO] [stdout] ...
[INFO] [stdout] 58 | impl<S> AsyncConnection<S, ()>
[INFO] [stdout]    |         ^^^^^^^^^^^^^^^^^^^^^^ the trait `AsyncWrite` is not implemented for `S`
[INFO] [stdout]    |
[INFO] [stdout]    = note: required because of the requirements on the impl of `TlsClientUpgrader<S>` for `()`
[INFO] [stdout] help: consider further restricting this bound
[INFO] [stdout]    |
[INFO] [stdout] 60 |     S: Send + 'static + AsyncWrite,
[INFO] [stdout]    |                       ^^^^^^^^^^^^
[INFO] [stdout] 
[INFO] [stdout] 
[INFO] [stdout] error[E0277]: `S` cannot be unpinned
[INFO] [stdout]   --> src/connection.rs:58:9
[INFO] [stdout]    |
[INFO] [stdout] 27 | pub struct AsyncConnection<S, STU>
[INFO] [stdout]    |            --------------- required by a bound in this
[INFO] [stdout] 28 | where
[INFO] [stdout] 29 |     STU: TlsClientUpgrader<S>,
[INFO] [stdout]    |          -------------------- required by this bound in `AsyncConnection`
[INFO] [stdout] ...
[INFO] [stdout] 58 | impl<S> AsyncConnection<S, ()>
[INFO] [stdout]    |         ^^^^^^^^^^^^^^^^^^^^^^ the trait `Unpin` is not implemented for `S`
[INFO] [stdout]    |
[INFO] [stdout]    = note: required because of the requirements on the impl of `TlsClientUpgrader<S>` for `()`
[INFO] [stdout] help: consider further restricting this bound
[INFO] [stdout]    |
[INFO] [stdout] 60 |     S: Send + 'static + Unpin,
[INFO] [stdout]    |                       ^^^^^^^
[INFO] [stdout] 
[INFO] [stdout] 
[INFO] [stdout] error[E0277]: the trait bound `S: AsyncRead` is not satisfied
[INFO] [stdout]   --> src/connection.rs:58:9
[INFO] [stdout]    |
[INFO] [stdout] 27 | pub struct AsyncConnection<S, STU>
[INFO] [stdout]    |            --------------- required by a bound in this
[INFO] [stdout] 28 | where
[INFO] [stdout] 29 |     STU: TlsClientUpgrader<S>,
[INFO] [stdout]    |          -------------------- required by this bound in `AsyncConnection`
[INFO] [stdout] ...
[INFO] [stdout] 58 | impl<S> AsyncConnection<S, ()>
[INFO] [stdout]    |         ^^^^^^^^^^^^^^^^^^^^^^ the trait `AsyncRead` is not implemented for `S`
[INFO] [stdout]    |
[INFO] [stdout]    = note: required because of the requirements on the impl of `TlsClientUpgrader<S>` for `()`
[INFO] [stdout] help: consider further restricting this bound
[INFO] [stdout]    |
[INFO] [stdout] 60 |     S: Send + 'static + AsyncRead,
[INFO] [stdout]    |                       ^^^^^^^^^^^
[INFO] [stdout] 
[INFO] [stdout] 
[INFO] [stdout] error[E0277]: the trait bound `S: AsyncRead` is not satisfied
[INFO] [stdout]   --> src/connection.rs:62:42
[INFO] [stdout]    |
[INFO] [stdout] 27 | pub struct AsyncConnection<S, STU>
[INFO] [stdout]    |            --------------- required by a bound in this
[INFO] [stdout] 28 | where
[INFO] [stdout] 29 |     STU: TlsClientUpgrader<S>,
[INFO] [stdout]    |          -------------------- required by this bound in `AsyncConnection`
[INFO] [stdout] ...
[INFO] [stdout] 62 |     pub fn with_tls_stream(stream: S) -> Self {
[INFO] [stdout]    |                                          ^^^^ the trait `AsyncRead` is not implemented for `S`
[INFO] [stdout]    |
[INFO] [stdout]    = note: required because of the requirements on the impl of `TlsClientUpgrader<S>` for `()`
[INFO] [stdout] help: consider further restricting this bound
[INFO] [stdout]    |
[INFO] [stdout] 60 |     S: Send + 'static + AsyncRead,
[INFO] [stdout]    |                       ^^^^^^^^^^^
[INFO] [stdout] 
[INFO] [stdout] 
[INFO] [stdout] error[E0277]: the trait bound `S: AsyncWrite` is not satisfied
[INFO] [stdout]   --> src/connection.rs:58:9
[INFO] [stdout]    |
[INFO] [stdout] 27 | pub struct AsyncConnection<S, STU>
[INFO] [stdout]    |            --------------- required by a bound in this
[INFO] [stdout] 28 | where
[INFO] [stdout] 29 |     STU: TlsClientUpgrader<S>,
[INFO] [stdout]    |          -------------------- required by this bound in `AsyncConnection`
[INFO] [stdout] ...
[INFO] [stdout] 58 | impl<S> AsyncConnection<S, ()>
[INFO] [stdout]    |         ^^^^^^^^^^^^^^^^^^^^^^ the trait `AsyncWrite` is not implemented for `S`
[INFO] [stdout]    |
[INFO] [stdout]    = note: required because of the requirements on the impl of `TlsClientUpgrader<S>` for `()`
[INFO] [stdout] help: consider further restricting this bound
[INFO] [stdout]    |
[INFO] [stdout] 60 |     S: Send + 'static + AsyncWrite,
[INFO] [stdout]    |                       ^^^^^^^^^^^^
[INFO] [stdout] 
[INFO] [stdout] 
[INFO] [stdout] error[E0277]: `S` cannot be unpinned
[INFO] [stdout]   --> src/connection.rs:58:9
[INFO] [stdout]    |
[INFO] [stdout] 27 | pub struct AsyncConnection<S, STU>
[INFO] [stdout]    |            --------------- required by a bound in this
[INFO] [stdout] 28 | where
[INFO] [stdout] 29 |     STU: TlsClientUpgrader<S>,
[INFO] [stdout]    |          -------------------- required by this bound in `AsyncConnection`
[INFO] [stdout] ...
[INFO] [stdout] 58 | impl<S> AsyncConnection<S, ()>
[INFO] [stdout]    |         ^^^^^^^^^^^^^^^^^^^^^^ the trait `Unpin` is not implemented for `S`
[INFO] [stdout]    |
[INFO] [stdout]    = note: required because of the requirements on the impl of `TlsClientUpgrader<S>` for `()`
[INFO] [stdout] help: consider further restricting this bound
[INFO] [stdout]    |
[INFO] [stdout] 60 |     S: Send + 'static + Unpin,
[INFO] [stdout]    |                       ^^^^^^^
[INFO] [stdout] 
[INFO] [stdout] 
[INFO] [stdout] error[E0277]: the trait bound `S: AsyncRead` is not satisfied
[INFO] [stdout]   --> src/connection.rs:62:42
[INFO] [stdout]    |
[INFO] [stdout] 27 | pub struct AsyncConnection<S, STU>
[INFO] [stdout]    |            --------------- required by a bound in this
[INFO] [stdout] 28 | where
[INFO] [stdout] 29 |     STU: TlsClientUpgrader<S>,
[INFO] [stdout]    |          -------------------- required by this bound in `AsyncConnection`
[INFO] [stdout] ...
[INFO] [stdout] 62 |     pub fn with_tls_stream(stream: S) -> Self {
[INFO] [stdout]    |                                          ^^^^ the trait `AsyncRead` is not implemented for `S`
[INFO] [stdout]    |
[INFO] [stdout]    = note: required because of the requirements on the impl of `TlsClientUpgrader<S>` for `()`
[INFO] [stdout] help: consider further restricting this bound
[INFO] [stdout]    |
[INFO] [stdout] 60 |     S: Send + 'static + AsyncRead,
[INFO] [stdout]    |                       ^^^^^^^^^^^
[INFO] [stdout] 
[INFO] [stdout] 
[INFO] [stdout] error[E0277]: the trait bound `S: AsyncWrite` is not satisfied
[INFO] [stdout]   --> src/connection.rs:62:42
[INFO] [stdout]    |
[INFO] [stdout] 27 | pub struct AsyncConnection<S, STU>
[INFO] [stdout]    |            --------------- required by a bound in this
[INFO] [stdout] 28 | where
[INFO] [stdout] 29 |     STU: TlsClientUpgrader<S>,
[INFO] [stdout]    |          -------------------- required by this bound in `AsyncConnection`
[INFO] [stdout] ...
[INFO] [stdout] 62 |     pub fn with_tls_stream(stream: S) -> Self {
[INFO] [stdout]    |                                          ^^^^ the trait `AsyncWrite` is not implemented for `S`
[INFO] [stdout]    |
[INFO] [stdout]    = note: required because of the requirements on the impl of `TlsClientUpgrader<S>` for `()`
[INFO] [stdout] help: consider further restricting this bound
[INFO] [stdout]    |
[INFO] [stdout] 60 |     S: Send + 'static + AsyncWrite,
[INFO] [stdout]    |                       ^^^^^^^^^^^^
[INFO] [stdout] 
[INFO] [stdout] 
[INFO] [stdout] error[E0277]: the trait bound `S: AsyncWrite` is not satisfied
[INFO] [stdout]   --> src/connection.rs:62:42
[INFO] [stdout]    |
[INFO] [stdout] 27 | pub struct AsyncConnection<S, STU>
[INFO] [stdout]    |            --------------- required by a bound in this
[INFO] [stdout] 28 | where
[INFO] [stdout] 29 |     STU: TlsClientUpgrader<S>,
[INFO] [stdout]    |          -------------------- required by this bound in `AsyncConnection`
[INFO] [stdout] ...
[INFO] [stdout] 62 |     pub fn with_tls_stream(stream: S) -> Self {
[INFO] [stdout]    |                                          ^^^^ the trait `AsyncWrite` is not implemented for `S`
[INFO] [stdout]    |
[INFO] [stdout]    = note: required because of the requirements on the impl of `TlsClientUpgrader<S>` for `()`
[INFO] [stdout] help: consider further restricting this bound
[INFO] [stdout]    |
[INFO] [stdout] 60 |     S: Send + 'static + AsyncWrite,
[INFO] [stdout]    |                       ^^^^^^^^^^^^
[INFO] [stdout] 
[INFO] [stdout] 
[INFO] [stdout] error[E0277]: `S` cannot be unpinned
[INFO] [stdout]   --> src/connection.rs:62:42
[INFO] [stdout]    |
[INFO] [stdout] 27 | pub struct AsyncConnection<S, STU>
[INFO] [stdout]    |            --------------- required by a bound in this
[INFO] [stdout] 28 | where
[INFO] [stdout] 29 |     STU: TlsClientUpgrader<S>,
[INFO] [stdout]    |          -------------------- required by this bound in `AsyncConnection`
[INFO] [stdout] ...
[INFO] [stdout] 62 |     pub fn with_tls_stream(stream: S) -> Self {
[INFO] [stdout]    |                                          ^^^^ the trait `Unpin` is not implemented for `S`
[INFO] [stdout]    |
[INFO] [stdout]    = note: required because of the requirements on the impl of `TlsClientUpgrader<S>` for `()`
[INFO] [stdout] help: consider further restricting this bound
[INFO] [stdout]    |
[INFO] [stdout] 60 |     S: Send + 'static + Unpin,
[INFO] [stdout]    |                       ^^^^^^^
[INFO] [stdout] 
[INFO] [stdout] 
[INFO] [stdout] error[E0277]: `S` cannot be unpinned
[INFO] [stdout]   --> src/connection.rs:62:42
[INFO] [stdout]    |
[INFO] [stdout] 27 | pub struct AsyncConnection<S, STU>
[INFO] [stdout]    |            --------------- required by a bound in this
[INFO] [stdout] 28 | where
[INFO] [stdout] 29 |     STU: TlsClientUpgrader<S>,
[INFO] [stdout]    |          -------------------- required by this bound in `AsyncConnection`
[INFO] [stdout] ...
[INFO] [stdout] 62 |     pub fn with_tls_stream(stream: S) -> Self {
[INFO] [stdout]    |                                          ^^^^ the trait `Unpin` is not implemented for `S`
[INFO] [stdout]    |
[INFO] [stdout]    = note: required because of the requirements on the impl of `TlsClientUpgrader<S>` for `()`
[INFO] [stdout] help: consider further restricting this bound
[INFO] [stdout]    |
[INFO] [stdout] 60 |     S: Send + 'static + Unpin,
[INFO] [stdout]    |                       ^^^^^^^
[INFO] [stdout] 
[INFO] [stdout] 
[INFO] [stderr] error: could not compile `async-smtp-lite`.
[INFO] [stdout] error: aborting due to 9 previous errors
[INFO] [stdout] 
[INFO] [stdout] 
[INFO] [stderr] 
[INFO] [stdout] Some errors have detailed explanations: E0277, E0603.
[INFO] [stdout] 
[INFO] [stderr] To learn more, run the command again with --verbose.
[INFO] [stdout] For more information about an error, try `rustc --explain E0277`.
[INFO] [stdout] 
[INFO] [stderr] warning: build failed, waiting for other jobs to finish...
[INFO] [stdout] error: aborting due to 9 previous errors
[INFO] [stdout] 
[INFO] [stdout] 
[INFO] [stdout] Some errors have detailed explanations: E0277, E0603.
[INFO] [stdout] 
[INFO] [stdout] For more information about an error, try `rustc --explain E0277`.
[INFO] [stdout] 
[INFO] [stderr] error: build failed
[INFO] running `Command { std: "docker" "inspect" "101714a23051c786a2550444d55e07e25b39ee4c0e7aed0d7cad3d2fa08c0045", kill_on_drop: false }`
[INFO] running `Command { std: "docker" "rm" "-f" "101714a23051c786a2550444d55e07e25b39ee4c0e7aed0d7cad3d2fa08c0045", kill_on_drop: false }`
[INFO] [stdout] 101714a23051c786a2550444d55e07e25b39ee4c0e7aed0d7cad3d2fa08c0045
